{"id":22861,"date":"2022-07-06T17:01:00","date_gmt":"2022-07-06T21:01:00","guid":{"rendered":"https:\/\/www.cip-icu.ca\/learning-hub\/elevation-2-0-key-01-panel-dexperts-sur-le-logement-et-la-planification\/"},"modified":"2023-11-21T09:51:53","modified_gmt":"2023-11-21T17:51:53","slug":"elevation-2-0-key-01-panel-dexperts-sur-le-logement-et-la-planification","status":"publish","type":"learning-hub","link":"https:\/\/www.cip-icu.ca\/fr\/learning-hub\/elevation-2-0-key-01-panel-dexperts-sur-le-logement-et-la-planification\/","title":{"rendered":"Elevation 2.0 &#8211; Key-01 : Panel d&#8217;experts sur le logement et la planification"},"content":{"rendered":"\n<div style=\"height:60px\" aria-hidden=\"true\" class=\"wp-block-spacer\"><\/div>\n\n<p class=\"lede\">Rejoignez des experts et des praticiens de premier plan pour une discussion engageante et informative sur des sujets et des questions importants en mati\u00e8re de logement et de planification. Ren Thomas RPP, MCIP, les pan\u00e9listes aborderont certaines des questions les plus complexes et les plus urgentes li\u00e9es \u00e0 la planification, au sans-abrisme et \u00e0 l&#8217;accessibilit\u00e9 financi\u00e8re, en mettant l&#8217;accent sur les id\u00e9es et les solutions novatrices.<\/p>\n\n<div data-wp-interactive=\"core\/file\" class=\"wp-block-file\"><object data-wp-bind--hidden=\"!state.hasPdfPreview\" hidden class=\"wp-block-file__embed\" data=\"https:\/\/www.cip-icu.ca\/wp-content\/uploads\/2023\/11\/Keynote-Housing-Panel-CMHC-July-6-final.pdf\" type=\"application\/pdf\" style=\"width:100%;height:600px\" aria-label=\"Embed of Keynote-Housing-Panel-CMHC-July-6-final.\"><\/object><a id=\"wp-block-file--media-abecfe15-7ad6-445a-b769-7480fbae0277\" href=\"https:\/\/www.cip-icu.ca\/wp-content\/uploads\/2023\/11\/Keynote-Housing-Panel-CMHC-July-6-final.pdf\">Keynote-Housing-Panel-CMHC-July-6-final<\/a><a href=\"https:\/\/www.cip-icu.ca\/wp-content\/uploads\/2023\/11\/Keynote-Housing-Panel-CMHC-July-6-final.pdf\" class=\"wp-block-file__button wp-element-button\" download=\"\" aria-describedby=\"wp-block-file--media-abecfe15-7ad6-445a-b769-7480fbae0277\">T\u00e9l\u00e9charger<\/a><\/div>\n","protected":false},"excerpt":{"rendered":"<p>Rejoignez des experts et des praticiens de premier plan pour une discussion engageante et informative sur des sujets et des questions importants en mati\u00e8re de&hellip;<\/p>\n","protected":false},"author":14,"featured_media":0,"comment_status":"closed","ping_status":"closed","template":"","learning_hub_category":[138,137],"learning_hub_tag":[135,132],"class_list":["post-22861","learning-hub","type-learning-hub","status-publish","hentry","learning_hub_category-document-fr","learning_hub_category-video-fr","learning_hub_tag-conference-fr","learning_hub_tag-logement"],"acf":[],"_links":{"self":[{"href":"https:\/\/www.cip-icu.ca\/fr\/wp-json\/wp\/v2\/learning-hub\/22861","targetHints":{"allow":["GET"]}}],"collection":[{"href":"https:\/\/www.cip-icu.ca\/fr\/wp-json\/wp\/v2\/learning-hub"}],"about":[{"href":"https:\/\/www.cip-icu.ca\/fr\/wp-json\/wp\/v2\/types\/learning-hub"}],"author":[{"embeddable":true,"href":"https:\/\/www.cip-icu.ca\/fr\/wp-json\/wp\/v2\/users\/14"}],"replies":[{"embeddable":true,"href":"https:\/\/www.cip-icu.ca\/fr\/wp-json\/wp\/v2\/comments?post=22861"}],"wp:attachment":[{"href":"https:\/\/www.cip-icu.ca\/fr\/wp-json\/wp\/v2\/media?parent=22861"}],"wp:term":[{"taxonomy":"learning_hub_category","embeddable":true,"href":"https:\/\/www.cip-icu.ca\/fr\/wp-json\/wp\/v2\/learning_hub_category?post=22861"},{"taxonomy":"learning_hub_tag","embeddable":true,"href":"https:\/\/www.cip-icu.ca\/fr\/wp-json\/wp\/v2\/learning_hub_tag?post=22861"}],"curies":[{"name":"wp","href":"https:\/\/api.w.org\/{rel}","templated":true}]}}

<div style="height:60px" aria-hidden="true" class="wp-block-spacer"></div>

<p class="lede">Rejoignez des experts et des praticiens de premier plan pour une discussion engageante et informative sur des sujets et des questions importants en matière de logement et de planification. Ren Thomas RPP, MCIP, les panélistes aborderont certaines des questions les plus complexes et les plus urgentes liées à la planification, au sans-abrisme et à l&#8217;accessibilité financière, en mettant l&#8217;accent sur les idées et les solutions novatrices.</p>

<div data-wp-interactive="core/file" class="wp-block-file"><object data-wp-bind--hidden="!state.hasPdfPreview" hidden class="wp-block-file__embed" data="https://www.cip-icu.ca/wp-content/uploads/2023/11/Keynote-Housing-Panel-CMHC-July-6-final.pdf" type="application/pdf" style="width:100%;height:600px" aria-label="Embed of Keynote-Housing-Panel-CMHC-July-6-final."></object><a id="wp-block-file--media-abecfe15-7ad6-445a-b769-7480fbae0277" href="https://www.cip-icu.ca/wp-content/uploads/2023/11/Keynote-Housing-Panel-CMHC-July-6-final.pdf">Keynote-Housing-Panel-CMHC-July-6-final</a><a href="https://www.cip-icu.ca/wp-content/uploads/2023/11/Keynote-Housing-Panel-CMHC-July-6-final.pdf" class="wp-block-file__button wp-element-button" download="" aria-describedby="wp-block-file--media-abecfe15-7ad6-445a-b769-7480fbae0277">Télécharger</a></div>

<p>Rejoignez des experts et des praticiens de premier plan pour une discussion engageante et informative sur des sujets et des questions importants en matière de&hellip;</p>
