{"id":22889,"date":"2022-07-06T16:46:00","date_gmt":"2022-07-06T20:46:00","guid":{"rendered":"https:\/\/www.cip-icu.ca\/learning-hub\/elevation-2-0-ss-19-lhistoire-de-quatre-villes-rapports-des-premieres-lignes-de-la-crise-de-laccessibilite-en-colombie-britannique\/"},"modified":"2023-11-21T09:51:57","modified_gmt":"2023-11-21T17:51:57","slug":"elevation-2-0-ss-19-lhistoire-de-quatre-villes-rapports-des-premieres-lignes-de-la-crise-de-laccessibilite-en-colombie-britannique","status":"publish","type":"learning-hub","link":"https:\/\/www.cip-icu.ca\/fr\/learning-hub\/elevation-2-0-ss-19-lhistoire-de-quatre-villes-rapports-des-premieres-lignes-de-la-crise-de-laccessibilite-en-colombie-britannique\/","title":{"rendered":"Elevation 2.0 &#8211; SS-19 : l&#8217;histoire de quatre villes : Rapports des premi\u00e8res lignes de la crise de l&#8217;accessibilit\u00e9 en Colombie-Britannique"},"content":{"rendered":"\n<div style=\"height:60px\" aria-hidden=\"true\" class=\"wp-block-spacer\"><\/div>\n\n<p class=\"lede\">Dans une r\u00e9gion qui a connu une \u00e9volution exponentielle des prix du logement, l&#8217;accession \u00e0 la propri\u00e9t\u00e9 est de plus en plus hors de port\u00e9e dans la plupart des centres urbains de la Colombie-Britannique. Les fortes pressions de la croissance, les taux d&#8217;inoccupation historiquement bas et les augmentations de loyer ont stress\u00e9 les locataires. Au cours d&#8217;une session amusante et interactive avec des pr\u00e9sentations rapides, quatre municipalit\u00e9s de la Colombie-Britannique &#8211; Burnaby, New Westminster, la ville de North Vancouver et Victoria &#8211; compareront et contrasteront leurs diff\u00e9rentes approches pour r\u00e9soudre ce probl\u00e8me &#8220;\u00e9pineux&#8221;. Bien qu&#8217;elles soient habilit\u00e9es par une l\u00e9gislation provinciale singuli\u00e8re, les quatre villes ont suivi des voies diff\u00e9rentes. Des approches bas\u00e9es sur l&#8217;offre aux incitations, en passant par le zonage, les restrictions r\u00e9glementaires et tout ce qui se trouve entre les deux, chaque municipalit\u00e9 partagera ses approches cr\u00e9atives respectives des politiques de location, de l&#8217;accessibilit\u00e9, de la mise en place de la location sur le terrain et de la prise en charge des locataires.<\/p>\n","protected":false},"excerpt":{"rendered":"<p>Dans une r\u00e9gion qui a connu une \u00e9volution exponentielle des prix du logement, l&#8217;accession \u00e0 la propri\u00e9t\u00e9 est de plus en plus hors de port\u00e9e&hellip;<\/p>\n","protected":false},"author":14,"featured_media":0,"comment_status":"closed","ping_status":"closed","template":"","learning_hub_category":[137],"learning_hub_tag":[135,132],"class_list":["post-22889","learning-hub","type-learning-hub","status-publish","hentry","learning_hub_category-video-fr","learning_hub_tag-conference-fr","learning_hub_tag-logement"],"acf":[],"_links":{"self":[{"href":"https:\/\/www.cip-icu.ca\/fr\/wp-json\/wp\/v2\/learning-hub\/22889","targetHints":{"allow":["GET"]}}],"collection":[{"href":"https:\/\/www.cip-icu.ca\/fr\/wp-json\/wp\/v2\/learning-hub"}],"about":[{"href":"https:\/\/www.cip-icu.ca\/fr\/wp-json\/wp\/v2\/types\/learning-hub"}],"author":[{"embeddable":true,"href":"https:\/\/www.cip-icu.ca\/fr\/wp-json\/wp\/v2\/users\/14"}],"replies":[{"embeddable":true,"href":"https:\/\/www.cip-icu.ca\/fr\/wp-json\/wp\/v2\/comments?post=22889"}],"wp:attachment":[{"href":"https:\/\/www.cip-icu.ca\/fr\/wp-json\/wp\/v2\/media?parent=22889"}],"wp:term":[{"taxonomy":"learning_hub_category","embeddable":true,"href":"https:\/\/www.cip-icu.ca\/fr\/wp-json\/wp\/v2\/learning_hub_category?post=22889"},{"taxonomy":"learning_hub_tag","embeddable":true,"href":"https:\/\/www.cip-icu.ca\/fr\/wp-json\/wp\/v2\/learning_hub_tag?post=22889"}],"curies":[{"name":"wp","href":"https:\/\/api.w.org\/{rel}","templated":true}]}}

Elevation 2.0 &#8211; SS-19 : l&#8217;histoire de quatre villes : Rapports des premières lignes de la crise de l&#8217;accessibilité en Colombie-Britannique

<div style="height:60px" aria-hidden="true" class="wp-block-spacer"></div>

<p class="lede">Dans une région qui a connu une évolution exponentielle des prix du logement, l&#8217;accession à la propriété est de plus en plus hors de portée dans la plupart des centres urbains de la Colombie-Britannique. Les fortes pressions de la croissance, les taux d&#8217;inoccupation historiquement bas et les augmentations de loyer ont stressé les locataires. Au cours d&#8217;une session amusante et interactive avec des présentations rapides, quatre municipalités de la Colombie-Britannique &#8211; Burnaby, New Westminster, la ville de North Vancouver et Victoria &#8211; compareront et contrasteront leurs différentes approches pour résoudre ce problème &#8220;épineux&#8221;. Bien qu&#8217;elles soient habilitées par une législation provinciale singulière, les quatre villes ont suivi des voies différentes. Des approches basées sur l&#8217;offre aux incitations, en passant par le zonage, les restrictions réglementaires et tout ce qui se trouve entre les deux, chaque municipalité partagera ses approches créatives respectives des politiques de location, de l&#8217;accessibilité, de la mise en place de la location sur le terrain et de la prise en charge des locataires.</p>

<p>Dans une région qui a connu une évolution exponentielle des prix du logement, l&#8217;accession à la propriété est de plus en plus hors de portée&hellip;</p>
