{"id":22901,"date":"2020-11-25T15:23:00","date_gmt":"2020-11-25T20:23:00","guid":{"rendered":"https:\/\/www.cip-icu.ca\/learning-hub\/module-3-programme-politique-narrer-le-contexte-du-quartier-pour-ameliorer-lacces-a-linformation-sur-le-reinvestissement\/"},"modified":"2023-11-21T09:52:35","modified_gmt":"2023-11-21T17:52:35","slug":"module-3-programme-politique-narrer-le-contexte-du-quartier-pour-ameliorer-lacces-a-linformation-sur-le-reinvestissement","status":"publish","type":"learning-hub","link":"https:\/\/www.cip-icu.ca\/fr\/learning-hub\/module-3-programme-politique-narrer-le-contexte-du-quartier-pour-ameliorer-lacces-a-linformation-sur-le-reinvestissement\/","title":{"rendered":"Module 3 Programme\/Politique : Narrer le contexte du quartier pour am\u00e9liorer l&#8217;acc\u00e8s \u00e0 l&#8217;information sur le r\u00e9investissement"},"content":{"rendered":"\n<p class=\"lede\">R\u00e9parti en quatre modules, cet atelier partagera les le\u00e7ons tir\u00e9es de la feuille de route d&#8217;Edmonton sur les terrains intercalaires et les outils qui en d\u00e9coulent pour favoriser des logements conviviaux pour les personnes \u00e2g\u00e9es, multig\u00e9n\u00e9rationnels et adapt\u00e9s au contexte. Ces mesures vont de l&#8217;acc\u00e9l\u00e9ration des proc\u00e9dures d&#8217;autorisation des constructions intercalaires \u00e0 l&#8217;am\u00e9lioration de l&#8217;acc\u00e8s aux donn\u00e9es ouvertes afin d&#8217;accro\u00eetre la transparence du processus d\u00e9cisionnel et de l&#8217;\u00e9ducation en mati\u00e8re de r\u00e9am\u00e9nagement. Les modules de l&#8217;atelier comprendront : un examen des proformas du &#8220;milieu manquant&#8221; et un aper\u00e7u de l&#8217;hypoth\u00e8se des co\u00fbts durs et mous du march\u00e9 ; un tutoriel \u00e9tape par \u00e9tape sur la fa\u00e7on de cr\u00e9er une Esri StoryMap pour mieux raconter le contexte du quartier et les informations sur le r\u00e9investissement ; un examen des efforts de cartographie\/visualisation pour accro\u00eetre la transparence autour de la construction intercalaire ; et les meilleures pratiques d&#8217;engagement pour renforcer le soutien de la communaut\u00e9.  <\/p>\n","protected":false},"excerpt":{"rendered":"<p>R\u00e9parti en quatre modules, cet atelier partagera les le\u00e7ons tir\u00e9es de la feuille de route d&#8217;Edmonton sur les terrains intercalaires et les outils qui en&hellip;<\/p>\n","protected":false},"author":14,"featured_media":0,"comment_status":"closed","ping_status":"closed","template":"","learning_hub_category":[137],"learning_hub_tag":[135],"class_list":["post-22901","learning-hub","type-learning-hub","status-publish","hentry","learning_hub_category-video-fr","learning_hub_tag-conference-fr"],"acf":[],"_links":{"self":[{"href":"https:\/\/www.cip-icu.ca\/fr\/wp-json\/wp\/v2\/learning-hub\/22901","targetHints":{"allow":["GET"]}}],"collection":[{"href":"https:\/\/www.cip-icu.ca\/fr\/wp-json\/wp\/v2\/learning-hub"}],"about":[{"href":"https:\/\/www.cip-icu.ca\/fr\/wp-json\/wp\/v2\/types\/learning-hub"}],"author":[{"embeddable":true,"href":"https:\/\/www.cip-icu.ca\/fr\/wp-json\/wp\/v2\/users\/14"}],"replies":[{"embeddable":true,"href":"https:\/\/www.cip-icu.ca\/fr\/wp-json\/wp\/v2\/comments?post=22901"}],"wp:attachment":[{"href":"https:\/\/www.cip-icu.ca\/fr\/wp-json\/wp\/v2\/media?parent=22901"}],"wp:term":[{"taxonomy":"learning_hub_category","embeddable":true,"href":"https:\/\/www.cip-icu.ca\/fr\/wp-json\/wp\/v2\/learning_hub_category?post=22901"},{"taxonomy":"learning_hub_tag","embeddable":true,"href":"https:\/\/www.cip-icu.ca\/fr\/wp-json\/wp\/v2\/learning_hub_tag?post=22901"}],"curies":[{"name":"wp","href":"https:\/\/api.w.org\/{rel}","templated":true}]}}

Module 3 Programme/Politique : Narrer le contexte du quartier pour améliorer l&#8217;accès à l&#8217;information sur le réinvestissement

<p class="lede">Réparti en quatre modules, cet atelier partagera les leçons tirées de la feuille de route d&#8217;Edmonton sur les terrains intercalaires et les outils qui en découlent pour favoriser des logements conviviaux pour les personnes âgées, multigénérationnels et adaptés au contexte. Ces mesures vont de l&#8217;accélération des procédures d&#8217;autorisation des constructions intercalaires à l&#8217;amélioration de l&#8217;accès aux données ouvertes afin d&#8217;accroître la transparence du processus décisionnel et de l&#8217;éducation en matière de réaménagement. Les modules de l&#8217;atelier comprendront : un examen des proformas du &#8220;milieu manquant&#8221; et un aperçu de l&#8217;hypothèse des coûts durs et mous du marché ; un tutoriel étape par étape sur la façon de créer une Esri StoryMap pour mieux raconter le contexte du quartier et les informations sur le réinvestissement ; un examen des efforts de cartographie/visualisation pour accroître la transparence autour de la construction intercalaire ; et les meilleures pratiques d&#8217;engagement pour renforcer le soutien de la communauté.  </p>

<p>Réparti en quatre modules, cet atelier partagera les leçons tirées de la feuille de route d&#8217;Edmonton sur les terrains intercalaires et les outils qui en&hellip;</p>
