{"id":22915,"date":"2021-09-23T13:56:00","date_gmt":"2021-09-23T17:56:00","guid":{"rendered":"https:\/\/www.cip-icu.ca\/learning-hub\/planification-de-la-biodiversite\/"},"modified":"2023-11-21T09:52:35","modified_gmt":"2023-11-21T17:52:35","slug":"planification-de-la-biodiversite","status":"publish","type":"learning-hub","link":"https:\/\/www.cip-icu.ca\/fr\/learning-hub\/planification-de-la-biodiversite\/","title":{"rendered":"Planification de la biodiversit\u00e9"},"content":{"rendered":"\n<p class=\"lede\">Le webinaire CPL de septembre, intitul\u00e9 &#8220;Planning for BIodiversity&#8221;, a eu lieu le 23 septembre. Le webinaire a fait le lien entre le travail des urbanistes et l&#8217;objectif de d\u00e9veloppement durable n\u00b0 15, qui porte sur les moyens de prot\u00e9ger, de restaurer et de promouvoir l&#8217;utilisation durable des terres gr\u00e2ce au partage d&#8217;informations, \u00e0 la gestion et au travail intersectoriel.  <\/p>\n\n<p>La profession d&#8217;urbaniste joue un r\u00f4le essentiel dans la r\u00e9alisation des objectifs connexes des ODD en veillant \u00e0 ce que la conservation de la biodiversit\u00e9 soit soutenue aux niveaux local, r\u00e9gional et national. Notre panel de pr\u00e9sentateurs a partag\u00e9 les moyens de freiner la d\u00e9gradation des terres et d&#8217;enrayer la perte de biodiversit\u00e9 gr\u00e2ce \u00e0 une gestion et une politique efficaces et en \u00e9coutant et en apprenant des d\u00e9tenteurs de savoirs traditionnels.  <\/p>\n\n<hr class=\"wp-block-separator has-alpha-channel-opacity\"\/>\n\n<p>Intervenants : <br\/><br\/><strong>Cassandra Cummings RPP<\/strong>, <strong>MCIP<\/strong>, <em>\n  <strong>Diamond Head Consulting<\/strong>\n<\/em> <br\/>Cassandra s&#8217;appuie sur sa formation en biologie et sa connaissance des outils de planification et de politique pour r\u00e9duire l&#8217;impact du d\u00e9veloppement sur l&#8217;environnement et prot\u00e9ger la biodiversit\u00e9. Elle utilise cet ensemble de comp\u00e9tences uniques pour \u00e9laborer et mettre en \u0153uvre des politiques, des strat\u00e9gies et des plans environnementaux \u00e0 l&#8217;\u00e9chelle de la ville. <br\/><br\/><strong>Jeff Robson RPP, MCIP<\/strong>, <em>\n  <strong>Avenirs intelligents<\/strong>\n<\/em><br\/>Jeff Robson est le responsable de la conception d&#8217;Intelligent Futures. Il allie une pratique efficace de la communication visuelle \u00e0 une base en planification urbaine afin de fournir des plans strat\u00e9giques percutants qui renforcent les capacit\u00e9s et d\u00e9composent les probl\u00e8mes complexes en \u00e9tapes r\u00e9alisables. <\/p>\n","protected":false},"excerpt":{"rendered":"<p>Le webinaire CPL de septembre, intitul\u00e9 &#8220;Planning for BIodiversity&#8221;, a eu lieu le 23 septembre. Le webinaire a fait le lien entre le travail des&hellip;<\/p>\n","protected":false},"author":14,"featured_media":0,"comment_status":"closed","ping_status":"closed","template":"","learning_hub_category":[137],"learning_hub_tag":[130],"class_list":["post-22915","learning-hub","type-learning-hub","status-publish","hentry","learning_hub_category-video-fr","learning_hub_tag-changement-climatique"],"acf":[],"_links":{"self":[{"href":"https:\/\/www.cip-icu.ca\/fr\/wp-json\/wp\/v2\/learning-hub\/22915","targetHints":{"allow":["GET"]}}],"collection":[{"href":"https:\/\/www.cip-icu.ca\/fr\/wp-json\/wp\/v2\/learning-hub"}],"about":[{"href":"https:\/\/www.cip-icu.ca\/fr\/wp-json\/wp\/v2\/types\/learning-hub"}],"author":[{"embeddable":true,"href":"https:\/\/www.cip-icu.ca\/fr\/wp-json\/wp\/v2\/users\/14"}],"replies":[{"embeddable":true,"href":"https:\/\/www.cip-icu.ca\/fr\/wp-json\/wp\/v2\/comments?post=22915"}],"wp:attachment":[{"href":"https:\/\/www.cip-icu.ca\/fr\/wp-json\/wp\/v2\/media?parent=22915"}],"wp:term":[{"taxonomy":"learning_hub_category","embeddable":true,"href":"https:\/\/www.cip-icu.ca\/fr\/wp-json\/wp\/v2\/learning_hub_category?post=22915"},{"taxonomy":"learning_hub_tag","embeddable":true,"href":"https:\/\/www.cip-icu.ca\/fr\/wp-json\/wp\/v2\/learning_hub_tag?post=22915"}],"curies":[{"name":"wp","href":"https:\/\/api.w.org\/{rel}","templated":true}]}}

Planification de la biodiversité

<p class="lede">Le webinaire CPL de septembre, intitulé &#8220;Planning for BIodiversity&#8221;, a eu lieu le 23 septembre. Le webinaire a fait le lien entre le travail des urbanistes et l&#8217;objectif de développement durable n° 15, qui porte sur les moyens de protéger, de restaurer et de promouvoir l&#8217;utilisation durable des terres grâce au partage d&#8217;informations, à la gestion et au travail intersectoriel.  </p>

<p>La profession d&#8217;urbaniste joue un rôle essentiel dans la réalisation des objectifs connexes des ODD en veillant à ce que la conservation de la biodiversité soit soutenue aux niveaux local, régional et national. Notre panel de présentateurs a partagé les moyens de freiner la dégradation des terres et d&#8217;enrayer la perte de biodiversité grâce à une gestion et une politique efficaces et en écoutant et en apprenant des détenteurs de savoirs traditionnels.  </p>

<hr class="wp-block-separator has-alpha-channel-opacity"/>

<p>Intervenants : <br/><br/><strong>Cassandra Cummings RPP</strong>, <strong>MCIP</strong>, <em>
  <strong>Diamond Head Consulting</strong>
</em> <br/>Cassandra s&#8217;appuie sur sa formation en biologie et sa connaissance des outils de planification et de politique pour réduire l&#8217;impact du développement sur l&#8217;environnement et protéger la biodiversité. Elle utilise cet ensemble de compétences uniques pour élaborer et mettre en œuvre des politiques, des stratégies et des plans environnementaux à l&#8217;échelle de la ville. <br/><br/><strong>Jeff Robson RPP, MCIP</strong>, <em>
  <strong>Avenirs intelligents</strong>
</em><br/>Jeff Robson est le responsable de la conception d&#8217;Intelligent Futures. Il allie une pratique efficace de la communication visuelle à une base en planification urbaine afin de fournir des plans stratégiques percutants qui renforcent les capacités et décomposent les problèmes complexes en étapes réalisables. </p>

<p>Le webinaire CPL de septembre, intitulé &#8220;Planning for BIodiversity&#8221;, a eu lieu le 23 septembre. Le webinaire a fait le lien entre le travail des&hellip;</p>
