{"id":22919,"date":"2021-04-22T14:55:00","date_gmt":"2021-04-22T18:55:00","guid":{"rendered":"https:\/\/www.cip-icu.ca\/learning-hub\/planifier-le-changement-climatique\/"},"modified":"2023-11-21T09:52:40","modified_gmt":"2023-11-21T17:52:40","slug":"planifier-le-changement-climatique","status":"publish","type":"learning-hub","link":"https:\/\/www.cip-icu.ca\/fr\/learning-hub\/planifier-le-changement-climatique\/","title":{"rendered":"Planifier le changement climatique"},"content":{"rendered":"\n<div style=\"height:60px\" aria-hidden=\"true\" class=\"wp-block-spacer\"><\/div>\n\n<p class=\"lede\">Alors que le changement climatique continue d&#8217;exacerber la fr\u00e9quence et la gravit\u00e9 des catastrophes naturelles, l&#8217;importance de l&#8217;engagement de la profession \u00e0 inverser la crise climatique d&#8217;ici 2030 devient de plus en plus urgente. En avril, la CIP a organis\u00e9 un webinaire sur le changement climatique afin de discuter des risques li\u00e9s au climat, des strat\u00e9gies et politiques de planification et de l&#8217;att\u00e9nuation du changement climatique.<\/p>\n\n<p>Intervenants :<\/p>\n\n<ul class=\"wp-block-list\">\n<li>Dr. Deborah Harford (Directrice ex\u00e9cutive, \u00e9quipe Adaptation au changement climatique -SFU (Facult\u00e9 de l&#8217;environnement))<\/li>\n\n\n\n<li>Dr. Alison Shaw (Chercheur principal, ICABCCI)<\/li>\n\n\n\n<li>Erica Tropea (Conseil tribal Nokiiwin, conseill\u00e8re en gestion des d\u00e9chets et sp\u00e9cialiste du changement climatique)<\/li>\n\n\n\n<li>Carla Stewart RPP, MCIP (planificatrice principale des politiques, ville de Surrey)<\/li>\n\n\n\n<li>John Ingram RPP, MCIP (Principal &amp; Senior Planner, Eco Plan International)<\/li>\n<\/ul>\n\n<p>Mod\u00e9rateur :<\/p>\n\n<ul class=\"wp-block-list\">\n<li>Kristy Kilbourne RPP, MCIP<\/li>\n<\/ul>\n","protected":false},"excerpt":{"rendered":"<p>Alors que le changement climatique continue d&#8217;exacerber la fr\u00e9quence et la gravit\u00e9 des catastrophes naturelles, l&#8217;importance de l&#8217;engagement de la profession \u00e0 inverser la crise&hellip;<\/p>\n","protected":false},"author":14,"featured_media":0,"comment_status":"closed","ping_status":"closed","template":"","learning_hub_category":[137],"learning_hub_tag":[130],"class_list":["post-22919","learning-hub","type-learning-hub","status-publish","hentry","learning_hub_category-video-fr","learning_hub_tag-changement-climatique"],"acf":[],"_links":{"self":[{"href":"https:\/\/www.cip-icu.ca\/fr\/wp-json\/wp\/v2\/learning-hub\/22919","targetHints":{"allow":["GET"]}}],"collection":[{"href":"https:\/\/www.cip-icu.ca\/fr\/wp-json\/wp\/v2\/learning-hub"}],"about":[{"href":"https:\/\/www.cip-icu.ca\/fr\/wp-json\/wp\/v2\/types\/learning-hub"}],"author":[{"embeddable":true,"href":"https:\/\/www.cip-icu.ca\/fr\/wp-json\/wp\/v2\/users\/14"}],"replies":[{"embeddable":true,"href":"https:\/\/www.cip-icu.ca\/fr\/wp-json\/wp\/v2\/comments?post=22919"}],"wp:attachment":[{"href":"https:\/\/www.cip-icu.ca\/fr\/wp-json\/wp\/v2\/media?parent=22919"}],"wp:term":[{"taxonomy":"learning_hub_category","embeddable":true,"href":"https:\/\/www.cip-icu.ca\/fr\/wp-json\/wp\/v2\/learning_hub_category?post=22919"},{"taxonomy":"learning_hub_tag","embeddable":true,"href":"https:\/\/www.cip-icu.ca\/fr\/wp-json\/wp\/v2\/learning_hub_tag?post=22919"}],"curies":[{"name":"wp","href":"https:\/\/api.w.org\/{rel}","templated":true}]}}

<div style="height:60px" aria-hidden="true" class="wp-block-spacer"></div>

<p class="lede">Alors que le changement climatique continue d&#8217;exacerber la fréquence et la gravité des catastrophes naturelles, l&#8217;importance de l&#8217;engagement de la profession à inverser la crise climatique d&#8217;ici 2030 devient de plus en plus urgente. En avril, la CIP a organisé un webinaire sur le changement climatique afin de discuter des risques liés au climat, des stratégies et politiques de planification et de l&#8217;atténuation du changement climatique.</p>

<p>Intervenants :</p>

<ul class="wp-block-list">
<li>Dr. Deborah Harford (Directrice exécutive, équipe Adaptation au changement climatique -SFU (Faculté de l&#8217;environnement))</li>



<li>Dr. Alison Shaw (Chercheur principal, ICABCCI)</li>



<li>Erica Tropea (Conseil tribal Nokiiwin, conseillère en gestion des déchets et spécialiste du changement climatique)</li>



<li>Carla Stewart RPP, MCIP (planificatrice principale des politiques, ville de Surrey)</li>



<li>John Ingram RPP, MCIP (Principal &amp; Senior Planner, Eco Plan International)</li>
</ul>

<p>Modérateur :</p>

<ul class="wp-block-list">
<li>Kristy Kilbourne RPP, MCIP</li>
</ul>

<p>Alors que le changement climatique continue d&#8217;exacerber la fréquence et la gravité des catastrophes naturelles, l&#8217;importance de l&#8217;engagement de la profession à inverser la crise&hellip;</p>
