{"id":22951,"date":"2019-07-22T06:43:00","date_gmt":"2019-07-22T10:43:00","guid":{"rendered":"https:\/\/www.cip-icu.ca\/learning-hub\/reflexions-sur-lenquete-nationale-sur-les-femmes-et-les-filles-autochtones-disparues-et-assassinees-mmiwg\/"},"modified":"2023-11-21T09:52:49","modified_gmt":"2023-11-21T17:52:49","slug":"reflexions-sur-lenquete-nationale-sur-les-femmes-et-les-filles-autochtones-disparues-et-assassinees-mmiwg","status":"publish","type":"learning-hub","link":"https:\/\/www.cip-icu.ca\/fr\/learning-hub\/reflexions-sur-lenquete-nationale-sur-les-femmes-et-les-filles-autochtones-disparues-et-assassinees-mmiwg\/","title":{"rendered":"R\u00e9flexions sur l&#8217;enqu\u00eate nationale sur les femmes et les filles autochtones disparues et assassin\u00e9es (MMIWG)"},"content":{"rendered":"\n<div style=\"height:100px\" aria-hidden=\"true\" class=\"wp-block-spacer\"><\/div>\n\n<p class=\"lede\">Jeff Hamm, urbaniste professionnel ayant plus de trente ans d&#8217;exp\u00e9rience, a pr\u00e9sent\u00e9 aux t\u00e9l\u00e9spectateurs une r\u00e9flexion profond\u00e9ment \u00e9mouvante sur son exp\u00e9rience personnelle de travail avec l&#8217;enqu\u00eate nationale sur les femmes et les filles indig\u00e8nes disparues et assassin\u00e9es, et a termin\u00e9 en appelant les urbanistes \u00e0 devenir de solides alli\u00e9s de leurs partenaires indig\u00e8nes, en commen\u00e7ant tout simplement par les \u00e9couter.  <\/p>\n","protected":false},"excerpt":{"rendered":"<p>Jeff Hamm, urbaniste professionnel ayant plus de trente ans d&#8217;exp\u00e9rience, a pr\u00e9sent\u00e9 aux t\u00e9l\u00e9spectateurs une r\u00e9flexion profond\u00e9ment \u00e9mouvante sur son exp\u00e9rience personnelle de travail avec&hellip;<\/p>\n","protected":false},"author":14,"featured_media":0,"comment_status":"closed","ping_status":"closed","template":"","learning_hub_category":[137],"learning_hub_tag":[133],"class_list":["post-22951","learning-hub","type-learning-hub","status-publish","hentry","learning_hub_category-video-fr","learning_hub_tag-reconciliation-fr"],"acf":[],"_links":{"self":[{"href":"https:\/\/www.cip-icu.ca\/fr\/wp-json\/wp\/v2\/learning-hub\/22951","targetHints":{"allow":["GET"]}}],"collection":[{"href":"https:\/\/www.cip-icu.ca\/fr\/wp-json\/wp\/v2\/learning-hub"}],"about":[{"href":"https:\/\/www.cip-icu.ca\/fr\/wp-json\/wp\/v2\/types\/learning-hub"}],"author":[{"embeddable":true,"href":"https:\/\/www.cip-icu.ca\/fr\/wp-json\/wp\/v2\/users\/14"}],"replies":[{"embeddable":true,"href":"https:\/\/www.cip-icu.ca\/fr\/wp-json\/wp\/v2\/comments?post=22951"}],"wp:attachment":[{"href":"https:\/\/www.cip-icu.ca\/fr\/wp-json\/wp\/v2\/media?parent=22951"}],"wp:term":[{"taxonomy":"learning_hub_category","embeddable":true,"href":"https:\/\/www.cip-icu.ca\/fr\/wp-json\/wp\/v2\/learning_hub_category?post=22951"},{"taxonomy":"learning_hub_tag","embeddable":true,"href":"https:\/\/www.cip-icu.ca\/fr\/wp-json\/wp\/v2\/learning_hub_tag?post=22951"}],"curies":[{"name":"wp","href":"https:\/\/api.w.org\/{rel}","templated":true}]}}

Réflexions sur l&#8217;enquête nationale sur les femmes et les filles autochtones disparues et assassinées (MMIWG)

<div style="height:100px" aria-hidden="true" class="wp-block-spacer"></div>

<p class="lede">Jeff Hamm, urbaniste professionnel ayant plus de trente ans d&#8217;expérience, a présenté aux téléspectateurs une réflexion profondément émouvante sur son expérience personnelle de travail avec l&#8217;enquête nationale sur les femmes et les filles indigènes disparues et assassinées, et a terminé en appelant les urbanistes à devenir de solides alliés de leurs partenaires indigènes, en commençant tout simplement par les écouter.  </p>

<p>Jeff Hamm, urbaniste professionnel ayant plus de trente ans d&#8217;expérience, a présenté aux téléspectateurs une réflexion profondément émouvante sur son expérience personnelle de travail avec&hellip;</p>
