{"id":22953,"date":"2020-07-06T05:49:00","date_gmt":"2020-07-06T09:49:00","guid":{"rendered":"https:\/\/www.cip-icu.ca\/learning-hub\/approches-de-la-lutte-contre-le-changement-climatique-par-lamenagement-du-territoire-partie-1-et-planification-autochtone-histoires-de-vancouver-partie-2\/"},"modified":"2023-11-21T09:52:49","modified_gmt":"2023-11-21T17:52:49","slug":"approches-de-la-lutte-contre-le-changement-climatique-par-lamenagement-du-territoire-partie-1-et-planification-autochtone-histoires-de-vancouver-partie-2","status":"publish","type":"learning-hub","link":"https:\/\/www.cip-icu.ca\/fr\/learning-hub\/approches-de-la-lutte-contre-le-changement-climatique-par-lamenagement-du-territoire-partie-1-et-planification-autochtone-histoires-de-vancouver-partie-2\/","title":{"rendered":"Approches de la lutte contre le changement climatique par l&#8217;am\u00e9nagement du territoire (Partie 1), et Planification autochtone &#8211; Histoires de Vancouver (Partie 2)"},"content":{"rendered":"\n<div style=\"height:100px\" aria-hidden=\"true\" class=\"wp-block-spacer\"><\/div>\n\n<p class=\"lede\">Kamala Todd, urbaniste et cin\u00e9aste m\u00e9tisse et cree, a expliqu\u00e9 que chaque ville canadienne est une ville indig\u00e8ne et ce que cela signifie pour la planification du contexte urbain. Jocelyn Joe-Strack a fait part de son exp\u00e9rience en mati\u00e8re de planification communautaire globale et a expliqu\u00e9 comment sa formation de scientifique a influenc\u00e9 sa compr\u00e9hension de la mani\u00e8re dont les approches indig\u00e8nes de la planification peuvent \u00eatre cruciales pour lutter contre le changement climatique.  <\/p>\n","protected":false},"excerpt":{"rendered":"<p>Kamala Todd, urbaniste et cin\u00e9aste m\u00e9tisse et cree, a expliqu\u00e9 que chaque ville canadienne est une ville indig\u00e8ne et ce que cela signifie pour la&hellip;<\/p>\n","protected":false},"author":14,"featured_media":0,"comment_status":"closed","ping_status":"closed","template":"","learning_hub_category":[137],"learning_hub_tag":[130,133],"class_list":["post-22953","learning-hub","type-learning-hub","status-publish","hentry","learning_hub_category-video-fr","learning_hub_tag-changement-climatique","learning_hub_tag-reconciliation-fr"],"acf":[],"_links":{"self":[{"href":"https:\/\/www.cip-icu.ca\/fr\/wp-json\/wp\/v2\/learning-hub\/22953","targetHints":{"allow":["GET"]}}],"collection":[{"href":"https:\/\/www.cip-icu.ca\/fr\/wp-json\/wp\/v2\/learning-hub"}],"about":[{"href":"https:\/\/www.cip-icu.ca\/fr\/wp-json\/wp\/v2\/types\/learning-hub"}],"author":[{"embeddable":true,"href":"https:\/\/www.cip-icu.ca\/fr\/wp-json\/wp\/v2\/users\/14"}],"replies":[{"embeddable":true,"href":"https:\/\/www.cip-icu.ca\/fr\/wp-json\/wp\/v2\/comments?post=22953"}],"wp:attachment":[{"href":"https:\/\/www.cip-icu.ca\/fr\/wp-json\/wp\/v2\/media?parent=22953"}],"wp:term":[{"taxonomy":"learning_hub_category","embeddable":true,"href":"https:\/\/www.cip-icu.ca\/fr\/wp-json\/wp\/v2\/learning_hub_category?post=22953"},{"taxonomy":"learning_hub_tag","embeddable":true,"href":"https:\/\/www.cip-icu.ca\/fr\/wp-json\/wp\/v2\/learning_hub_tag?post=22953"}],"curies":[{"name":"wp","href":"https:\/\/api.w.org\/{rel}","templated":true}]}}

Approches de la lutte contre le changement climatique par l&#8217;aménagement du territoire (Partie 1), et Planification autochtone &#8211; Histoires de Vancouver (Partie 2)

<div style="height:100px" aria-hidden="true" class="wp-block-spacer"></div>

<p class="lede">Kamala Todd, urbaniste et cinéaste métisse et cree, a expliqué que chaque ville canadienne est une ville indigène et ce que cela signifie pour la planification du contexte urbain. Jocelyn Joe-Strack a fait part de son expérience en matière de planification communautaire globale et a expliqué comment sa formation de scientifique a influencé sa compréhension de la manière dont les approches indigènes de la planification peuvent être cruciales pour lutter contre le changement climatique.  </p>

<p>Kamala Todd, urbaniste et cinéaste métisse et cree, a expliqué que chaque ville canadienne est une ville indigène et ce que cela signifie pour la&hellip;</p>
