{"id":22961,"date":"2019-01-30T06:47:00","date_gmt":"2019-01-30T11:47:00","guid":{"rendered":"https:\/\/www.cip-icu.ca\/learning-hub\/politique-de-la-cip-en-matiere-de-pratiques-de-planification-et-de-conciliation\/"},"modified":"2023-11-21T09:52:49","modified_gmt":"2023-11-21T17:52:49","slug":"politique-de-la-cip-en-matiere-de-pratiques-de-planification-et-de-conciliation","status":"publish","type":"learning-hub","link":"https:\/\/www.cip-icu.ca\/fr\/learning-hub\/politique-de-la-cip-en-matiere-de-pratiques-de-planification-et-de-conciliation\/","title":{"rendered":"Politique de la CIP en mati\u00e8re de pratiques de planification et de conciliation"},"content":{"rendered":"\n<div style=\"height:100px\" aria-hidden=\"true\" class=\"wp-block-spacer\"><\/div>\n\n<p class=\"lede\">Ce webinaire a pr\u00e9sent\u00e9 la nouvelle politique de l&#8217;ICU sur la <a href=\"https:\/\/www.cip-icu.ca\/\/cip-icu.ca\/getattachment\/Topics-in-Planning\/Indigenous-Planning\/policy-indigenous-en-interactive.pdf.aspx\">pratique de la planification et la r\u00e9conciliation<\/a>, qui d\u00e9finit le r\u00f4le que la planification et les planificateurs jouent dans la r\u00e9conciliation. \u00c9coutez les membres du comit\u00e9 de <a href=\"https:\/\/www.cip-icu.ca\/Indigenous-Planning\" target=\"_blank\" rel=\"noreferrer noopener\">planification communautaire autochtone <\/a>du CIP qui r\u00e9fl\u00e9chissent \u00e0 leur exp\u00e9rience au sein du comit\u00e9, \u00e0 l&#8217;\u00e9laboration de la politique et \u00e0 la mani\u00e8re dont celle-ci s&#8217;applique \u00e0 leur propre travail.  <\/p>\n\n<p>Pr\u00e9sentateurs :<\/p>\n\n<ul class=\"wp-block-list\">\n<li>Jeff Cook MCIP, RPP (pr\u00e9sident du comit\u00e9 de planification de la communaut\u00e9 autochtone de l&#8217;ICU)<\/li>\n\n\n\n<li>Lyana Patrick (membre du comit\u00e9 de planification de la communaut\u00e9 autochtone du CIP)<\/li>\n\n\n\n<li>Gillian Mckee MCIP, RPP (membre du comit\u00e9 de planification de la communaut\u00e9 autochtone de l&#8217;ICU)<\/li>\n\n\n\n<li>Melanie Harding MCIP, RPP (membre du comit\u00e9 de planification de la communaut\u00e9 autochtone de CIP)<\/li>\n<\/ul>\n\n<p>Horodatage :<\/p>\n\n<p>0:08 Introduction &#8211; Harry Burchill (directeur de la politique et des affaires publiques de la CIP)<\/p>\n\n<p>1:50 Jeff Cook &#8211; Introduction pr\u00e9enregistr\u00e9e et vue d&#8217;ensemble de la politique, y compris un bref aper\u00e7u du processus et des r\u00e9flexions<\/p>\n\n<p>6:23 Lyana Patrick &#8211; R\u00e9flexion sur sa participation \u00e0 la commission et \u00e0 l&#8217;\u00e9laboration de la politique<\/p>\n\n<p>16:12 Gillian Mckee &#8211; R\u00e9flexion sur la politique de son point de vue et sur la fa\u00e7on dont elle s&#8217;applique dans son propre travail (y compris les d\u00e9cisions r\u00e9centes de la Haute Cour au Yukon)<\/p>\n\n<p>28:07 Melanie Harding &#8211; R\u00e9flexion sur sa participation au comit\u00e9 et sur l&#8217;application de la politique de PIC dans le contexte du Sahtu (T.N.-O.)<\/p>\n\n<p>44:30 P\u00e9riode de questions<\/p>\n","protected":false},"excerpt":{"rendered":"<p>Ce webinaire a pr\u00e9sent\u00e9 la nouvelle politique de l&#8217;ICU sur la pratique de la planification et la r\u00e9conciliation, qui d\u00e9finit le r\u00f4le que la planification&hellip;<\/p>\n","protected":false},"author":14,"featured_media":0,"comment_status":"closed","ping_status":"closed","template":"","learning_hub_category":[137],"learning_hub_tag":[133],"class_list":["post-22961","learning-hub","type-learning-hub","status-publish","hentry","learning_hub_category-video-fr","learning_hub_tag-reconciliation-fr"],"acf":[],"_links":{"self":[{"href":"https:\/\/www.cip-icu.ca\/fr\/wp-json\/wp\/v2\/learning-hub\/22961","targetHints":{"allow":["GET"]}}],"collection":[{"href":"https:\/\/www.cip-icu.ca\/fr\/wp-json\/wp\/v2\/learning-hub"}],"about":[{"href":"https:\/\/www.cip-icu.ca\/fr\/wp-json\/wp\/v2\/types\/learning-hub"}],"author":[{"embeddable":true,"href":"https:\/\/www.cip-icu.ca\/fr\/wp-json\/wp\/v2\/users\/14"}],"replies":[{"embeddable":true,"href":"https:\/\/www.cip-icu.ca\/fr\/wp-json\/wp\/v2\/comments?post=22961"}],"wp:attachment":[{"href":"https:\/\/www.cip-icu.ca\/fr\/wp-json\/wp\/v2\/media?parent=22961"}],"wp:term":[{"taxonomy":"learning_hub_category","embeddable":true,"href":"https:\/\/www.cip-icu.ca\/fr\/wp-json\/wp\/v2\/learning_hub_category?post=22961"},{"taxonomy":"learning_hub_tag","embeddable":true,"href":"https:\/\/www.cip-icu.ca\/fr\/wp-json\/wp\/v2\/learning_hub_tag?post=22961"}],"curies":[{"name":"wp","href":"https:\/\/api.w.org\/{rel}","templated":true}]}}

Politique de la CIP en matière de pratiques de planification et de conciliation

<div style="height:100px" aria-hidden="true" class="wp-block-spacer"></div>

<p class="lede">Ce webinaire a présenté la nouvelle politique de l&#8217;ICU sur la <a href="https://www.cip-icu.ca//cip-icu.ca/getattachment/Topics-in-Planning/Indigenous-Planning/policy-indigenous-en-interactive.pdf.aspx">pratique de la planification et la réconciliation</a>, qui définit le rôle que la planification et les planificateurs jouent dans la réconciliation. Écoutez les membres du comité de <a href="https://www.cip-icu.ca/Indigenous-Planning" target="_blank" rel="noreferrer noopener">planification communautaire autochtone </a>du CIP qui réfléchissent à leur expérience au sein du comité, à l&#8217;élaboration de la politique et à la manière dont celle-ci s&#8217;applique à leur propre travail.  </p>

<p>Présentateurs :</p>

<ul class="wp-block-list">
<li>Jeff Cook MCIP, RPP (président du comité de planification de la communauté autochtone de l&#8217;ICU)</li>



<li>Lyana Patrick (membre du comité de planification de la communauté autochtone du CIP)</li>



<li>Gillian Mckee MCIP, RPP (membre du comité de planification de la communauté autochtone de l&#8217;ICU)</li>



<li>Melanie Harding MCIP, RPP (membre du comité de planification de la communauté autochtone de CIP)</li>
</ul>

<p>Horodatage :</p>

<p>0:08 Introduction &#8211; Harry Burchill (directeur de la politique et des affaires publiques de la CIP)</p>

<p>1:50 Jeff Cook &#8211; Introduction préenregistrée et vue d&#8217;ensemble de la politique, y compris un bref aperçu du processus et des réflexions</p>

<p>6:23 Lyana Patrick &#8211; Réflexion sur sa participation à la commission et à l&#8217;élaboration de la politique</p>

<p>16:12 Gillian Mckee &#8211; Réflexion sur la politique de son point de vue et sur la façon dont elle s&#8217;applique dans son propre travail (y compris les décisions récentes de la Haute Cour au Yukon)</p>

<p>28:07 Melanie Harding &#8211; Réflexion sur sa participation au comité et sur l&#8217;application de la politique de PIC dans le contexte du Sahtu (T.N.-O.)</p>

<p>44:30 Période de questions</p>

<p>Ce webinaire a présenté la nouvelle politique de l&#8217;ICU sur la pratique de la planification et la réconciliation, qui définit le rôle que la planification&hellip;</p>
