{"id":23154,"date":"2023-11-09T16:22:58","date_gmt":"2023-11-10T00:22:58","guid":{"rendered":"https:\/\/www.cip-icu.ca\/resource\/etude-economique-de-la-region-de-peel-investissements-dans-les-infrastructures-deau-et-deaux-usees-au-dela-de-2031\/"},"modified":"2023-11-09T16:22:58","modified_gmt":"2023-11-10T00:22:58","slug":"etude-economique-de-la-region-de-peel-investissements-dans-les-infrastructures-deau-et-deaux-usees-au-dela-de-2031","status":"publish","type":"resource","link":"https:\/\/www.cip-icu.ca\/fr\/resource\/etude-economique-de-la-region-de-peel-investissements-dans-les-infrastructures-deau-et-deaux-usees-au-dela-de-2031\/","title":{"rendered":"\u00c9tude \u00e9conomique de la r\u00e9gion de Peel : Investissements dans les infrastructures d&#8217;eau et d&#8217;eaux us\u00e9es au-del\u00e0 de 2031"},"content":{"rendered":"","protected":false},"featured_media":21506,"template":"","class_list":["post-23154","resource","type-resource","status-publish","has-post-thumbnail","hentry","resource_category-changement-climatique","resource_category-collectivites-saines","resource_category-logement"],"acf":[],"_links":{"self":[{"href":"https:\/\/www.cip-icu.ca\/fr\/wp-json\/wp\/v2\/resource\/23154","targetHints":{"allow":["GET"]}}],"collection":[{"href":"https:\/\/www.cip-icu.ca\/fr\/wp-json\/wp\/v2\/resource"}],"about":[{"href":"https:\/\/www.cip-icu.ca\/fr\/wp-json\/wp\/v2\/types\/resource"}],"wp:featuredmedia":[{"embeddable":true,"href":"https:\/\/www.cip-icu.ca\/fr\/wp-json\/wp\/v2\/media\/21506"}],"wp:attachment":[{"href":"https:\/\/www.cip-icu.ca\/fr\/wp-json\/wp\/v2\/media?parent=23154"}],"curies":[{"name":"wp","href":"https:\/\/api.w.org\/{rel}","templated":true}]}}

Étude économique de la région de Peel : Investissements dans les infrastructures d&#8217;eau et d&#8217;eaux usées au-delà de 2031
